
False
Does 63 divide 32184?
False
Is 1573445 a multiple of 28?
False
Is 533 a factor of 1596335?
True
Does 36 divide 4347408?
False
Is 305 a factor of 6913740?
True
Does 111 divide 1868792?
False
Is 42 a factor of 2767056?
False
Does 16 divide 1240704?
True
Is 6555684 a multiple of 545?
False
Is 84555 a multiple of 148?
False
Does 197 divide 3121071?
True
Does 685 divide 3506315?
False
Does 23 divide 789924?
False
Is 205 a factor of 496965?
False
Does 4 divide 3342?
False
Is 11900076 a multiple of 30?
False
Is 236 a factor of 40828?
True
Is 195546 a multiple of 654?
True
Is 13 a factor of 37854?
False
Does 42 divide 42714?
True
Is 20 a factor of 110344?
False
Is 162 a factor of 409860?
True
Does 79 divide 683849?
False
Is 488 a factor of 1668720?
False
Does 7 divide 191893?
False
Is 35120 a multiple of 18?
False
Is 9 a factor of 1774202?
False
Is 169 a factor of 1361802?
True
Is 860200 a multiple of 88?
True
Is 325307 a multiple of 70?
False
Is 17 a factor of 414581?
False
Does 14 divide 9869?
False
Does 29 divide 5278498?
False
Does 416 divide 1510080?
True
Is 460 a multiple of 2?
True
Is 798985 a multiple of 18?
False
Is 12 a factor of 7340569?
False
Does 35 divide 772369?
False
Is 14 a factor of 459634?
True
Is 5966691 a multiple of 136?
False
Is 78 a factor of 109359?
False
Is 2 a factor of 650510?
True
Does 312 divide 17524728?
True
Does 1569 divide 13321102?
False
Is 279 a factor of 3702330?
True
Does 4 divide 40759?
False
Is 1366200 a multiple of 440?
True
Is 137 a factor of 5124731?
False
Does 16 divide 234640?
True
Does 9 divide 239783?
False
Is 67156 a multiple of 6?
False
Is 263045 a multiple of 13?
False
Does 329 divide 214358?
False
Is 10 a factor of 7565?
False
Is 258458 a multiple of 15?
False
Is 10880862 a multiple of 10?
False
Does 4 divide 159773?
False
Is 168 a factor of 321788?
False
Is 11 a factor of 51598?
False
Is 20 a factor of 102080?
True
Is 249586 a multiple of 3?
False
Does 126 divide 159516?
True
Is 5 a factor of 137921?
False
Is 6 a factor of 25980?
True
Is 472 a factor of 927942?
False
Is 48 a factor of 2223350?
False
Is 39 a factor of 1573884?
True
Is 151267 a multiple of 9?
False
Is 25027 a multiple of 29?
True
Is 995080 a multiple of 410?
False
Is 418446 a multiple of 486?
True
Is 6 a factor of 3536938?
False
Is 13 a factor of 1332981?
True
Is 14 a factor of 24877?
False
Does 585 divide 539370?
True
Does 869 divide 2351903?
False
Is 3242173 a multiple of 241?
True
Does 13 divide 92122?
False
Does 24 divide 124936?
False
Is 217241 a multiple of 178?
False
Is 101 a factor of 25856?
True
Does 12 divide 47924184?
True
Does 229 divide 513189?
True
Is 195 a factor of 83546?
False
Is 4009065 a multiple of 25?
False
Is 14 a factor of 116798?
False
Is 202580 a multiple of 23?
False
Does 825 divide 1851300?
True
Does 36 divide 2175372?
True
Does 87 divide 560541?
True
Is 219208 a multiple of 88?
True
Is 11362 a multiple of 26?
True
Is 27820 a multiple of 36?
False
Is 27 a factor of 1237653?
True
Is 165308 a multiple of 78?
False
Does 93 divide 325500?
True
Is 14 a factor of 1440446?
True
Is 12 a factor of 1024?
False
Is 46 a factor of 3256277?
False
Is 233772 a multiple of 69?
True
Does 496 divide 692447?
False
Is 24603366 a multiple of 155?
False
Is 110 a factor of 208010?
True
Is 24 a factor of 60984?
True
Does 16 divide 410672?
True
Is 858880 a multiple of 671?
True
Does 4 divide 42439?
False
Is 2 a factor of 18214?
True
Does 914 divide 3573740?
True
Is 296 a factor of 11228763?
False
Is 13 a factor of 239265?
True
Does 615 divide 624840?
True
Is 22 a factor of 1655658?
False
Is 56635 a multiple of 56?
False
Does 142 divide 4115444?
True
Is 100 a factor of 193911?
False
Does 437 divide 6592447?
False
Is 8 a factor of 64016?
True
Does 4 divide 32368?
True
Does 22 divide 289982?
True
Is 245182 a multiple of 83?
True
Does 693 divide 2534349?
False
Is 710988 a multiple of 179?
True
Is 154 a factor of 204358?
True
Is 11 a factor of 11501314?
True
Is 82321 a multiple of 120?
False
Does 578 divide 210765?
False
Is 10 a factor of 6466510?
True
Is 31 a factor of 14074?
True
Is 46 a factor of 12330705?
False
Is 1141 a factor of 13282031?
False
Is 290862 a multiple of 117?
True
Is 20 a factor of 2380460?
True
Is 89724 a multiple of 27?
False
Is 9 a factor of 58775?
False
Is 68934 a multiple of 145?
False
Does 573 divide 146402?
False
Does 6 divide 54314?
False
Does 259 divide 12432?
True
Is 67 a factor of 2772574?
False
Does 191 divide 128734?
True
Is 100341 a multiple of 7?
False
Is 18916 a multiple of 14?
False
Is 897210 a multiple of 332?
False
Does 49 divide 190708?
True
Does 177 divide 6331290?
True
Is 2297694 a multiple of 1182?
False
Is 11 a factor of 6116963?
False
Is 432676 a multiple of 368?
False
Is 9275065 a multiple of 26?
False
Is 786 a factor of 1031030?
False
Is 2213971 a multiple of 24?
False
Is 52 a factor of 100469?
False
Does 200 divide 6034941?
False
Does 469 divide 2464126?
True
Is 23 a factor of 289570?
True
Does 269 divide 3223158?
True
Is 9176018 a multiple of 557?
True
Is 341211 a multiple of 91?
False
Is 19450 a multiple of 25?
True
Is 1338424 a multiple of 70?
False
Is 1684956 a multiple of 12?
True
Is 88 a factor of 4187008?
False
Does 1030 divide 2823864?
False
Is 68825 a multiple of 75?
False
Does 1408 divide 3080479?
False
Is 12 a factor of 1019695?
False
Is 799 a factor of 1096026?
False
Is 13 a factor of 197263?
False
Does 937 divide 142424?
True
Is 529 a factor of 797203?
True
Is 329 a factor of 1457657?
False
Is 84 a factor of 2031167?
False
Is 41 a factor of 23206?
True
Does 152 divide 485184?
True
Does 35 divide 51849?
False
Does 267 divide 166207?
False
Is 109028 a multiple of 33?
False
Is 571 a factor of 1011241?
True
Is 277 a factor of 25484?
True
Does 14 divide 285770?
False
Is 15 a factor of 182970?
True
Is 4875677 a multiple of 61?
False
Does 1111 divide 3978182?
False
Is 57555 a multiple of 5?
True
Is 249000 a multiple of 375?
True
Is 109738 a multiple of 12?
False
Is 168979 a multiple of 27?
False
Is 21 a factor of 65373?
True
Is 6717856 a multiple of 212?
True
Does 52 divide 76875?
False
Is 5 a factor of 24995?
True
Does 18 divide 84276?
True
Does 8 divide 651184?
True
Is 7 a factor of 35749?
True
Is 437840 a multiple of 26?
True
Is 11 a factor of 82362?
False
Does 8 divide 4651471?
False
Is 34 a factor of 153782?
True
Is 18 a factor of 873306?
True
Is 24 a factor of 778200?
True
Does 217 divide 475447?
True
Does 801 divide 63379?
False
Is 421 a factor of 13115317?
False
Does 27 divide 202148?
False
Is 40 a factor of 14610376?
False
Does 15 divide 5068131?
False
Is 15477193 a multiple of 15?
False
Does 86 divide 12628310?
False
Does 8 divide 301713?
False
Does 32 divide 71010?
False
Is 239025 a multiple of 12?
False
Is 9 a factor of 267122?
False
Does 287 divide 21578?
False
Is 41 a factor of 324269?
True
Is 10645 a multiple of 5?
True
Is 1618 a factor of 12973763?
False
Is 7458 a multiple of 226?
True
Is 58 a factor of 470844?
True
Is 121200 a multiple of 21?
False
Is 262 a factor of 3755770?
True
Is 44 a factor of 2726504?
True
Does 101 divide 2331219?
False
Is 1339 a factor of 5957211?
True
Is 75649 a multiple of 13?
False
Does 68 divide 21990?
False
Does 322 divide 609584?
False
Is 7 a factor of 99848?
True
Is 453 a factor of 771006?
True
Does 291 divide 2172521?
False
Does 144 divide 1960241?
False
Does 29 divide 192771?
False
Does 428 divide 2063388?
True
Is 1273957 a multiple of 14?
False
Does 27 divide 83241?
True
Does 444 divide 353868?
True
Is 17 a factor of 415310?
True
Is 932 a factor of 9408842?
False
Is 21 a factor of 9763140?
False
Is 32 a factor of 2784?
True
Is 11924202 a multiple of 245?
False
Is 2316225 a multiple of 15?
True
Is 28 a factor of 362040?
True
Does 334 divide 5881338?
False
Is 80 a factor of 205689?
False
Does 178 divide 9506410?
False
Is 763 a factor of 435296?
False
Is 704414 a multiple of 16?
False
Is 5 a factor of 742481?
False
Is 11742433 a multiple of 46?
False
Is 1509215 a multiple of 139?
False
Is 539180 a multiple of 46?
False
Does 38 divide 123985?
False
Is 140 a factor of 305284?
False
Is 221 a factor of 807092?
True
Is 192387 a multiple of 13?
True
Is 6 a factor of 2045826?
True
Is 2 a factor of 148897?
False
Is 183 a factor of 1478